{"id":9743,"date":"2025-05-08T09:01:10","date_gmt":"2025-05-08T09:01:10","guid":{"rendered":"https:\/\/www.erendurmus.com\/?post_type=product&#038;p=9743"},"modified":"2025-05-08T09:01:10","modified_gmt":"2025-05-08T09:01:10","slug":"kollari-tasli-tek-tas-yuzuk","status":"publish","type":"product","link":"https:\/\/www.erendurmus.com\/?product=kollari-tasli-tek-tas-yuzuk","title":{"rendered":"Kollar\u0131 Ta\u015fl\u0131 Tek Ta\u015f Y\u00fcz\u00fck"},"content":{"rendered":"<p>0,45 ct Tek Ta\u015f Y\u00fcz\u00fck<\/p>\n<p>P\u0131rlanta 0,35 ct 1 Adet Renk F Berrakl\u0131k SI<\/p>\n<p>P\u0131rlanta 0,10 ct\u00a0 14 Adet Renk E Berrakl\u0131k SI<\/p>\n<p>Y\u00fcz\u00fck \u00d6l\u00e7\u00fcs\u00fc : 14<\/p>\n<p>Y\u00fcz\u00fck Ayar\u0131 : 14 Ayar<\/p>\n<p>Y\u00fcz\u00fck Grm : 2,24 Grm<\/p>\n<p>&nbsp;<\/p>\n","protected":false},"excerpt":{"rendered":"<p>0,45 ct P\u0131rlanta Y\u00fcz\u00fck<\/p>\n<p>Y\u00fcz\u00fck \u00d6l\u00e7\u00fcs\u00fc : 14<\/p>\n<p>Y\u00fcz\u00fck Grm : 2,24 Grm<\/p>\n<p>Y\u00fcz\u00fck Ayar\u0131 : 14 Ayar<\/p>\n","protected":false},"featured_media":9744,"comment_status":"open","ping_status":"closed","template":"","meta":[],"product_brand":[],"product_cat":[81],"product_tag":[],"class_list":{"0":"post-9743","1":"product","2":"type-product","3":"status-publish","4":"has-post-thumbnail","6":"product_cat-pirlanta","8":"first","9":"instock","10":"sale","11":"taxable","12":"shipping-taxable","13":"purchasable","14":"product-type-simple"},"_links":{"self":[{"href":"https:\/\/www.erendurmus.com\/index.php?rest_route=\/wp\/v2\/product\/9743","targetHints":{"allow":["GET"]}}],"collection":[{"href":"https:\/\/www.erendurmus.com\/index.php?rest_route=\/wp\/v2\/product"}],"about":[{"href":"https:\/\/www.erendurmus.com\/index.php?rest_route=\/wp\/v2\/types\/product"}],"replies":[{"embeddable":true,"href":"https:\/\/www.erendurmus.com\/index.php?rest_route=%2Fwp%2Fv2%2Fcomments&post=9743"}],"version-history":[{"count":1,"href":"https:\/\/www.erendurmus.com\/index.php?rest_route=\/wp\/v2\/product\/9743\/revisions"}],"predecessor-version":[{"id":9746,"href":"https:\/\/www.erendurmus.com\/index.php?rest_route=\/wp\/v2\/product\/9743\/revisions\/9746"}],"wp:featuredmedia":[{"embeddable":true,"href":"https:\/\/www.erendurmus.com\/index.php?rest_route=\/wp\/v2\/media\/9744"}],"wp:attachment":[{"href":"https:\/\/www.erendurmus.com\/index.php?rest_route=%2Fwp%2Fv2%2Fmedia&parent=9743"}],"wp:term":[{"taxonomy":"product_brand","embeddable":true,"href":"https:\/\/www.erendurmus.com\/index.php?rest_route=%2Fwp%2Fv2%2Fproduct_brand&post=9743"},{"taxonomy":"product_cat","embeddable":true,"href":"https:\/\/www.erendurmus.com\/index.php?rest_route=%2Fwp%2Fv2%2Fproduct_cat&post=9743"},{"taxonomy":"product_tag","embeddable":true,"href":"https:\/\/www.erendurmus.com\/index.php?rest_route=%2Fwp%2Fv2%2Fproduct_tag&post=9743"}],"curies":[{"name":"wp","href":"https:\/\/api.w.org\/{rel}","templated":true}]}}