{"id":10649,"date":"2025-09-09T12:56:32","date_gmt":"2025-09-09T12:56:32","guid":{"rendered":"https:\/\/www.erendurmus.com\/?post_type=product&#038;p=10649"},"modified":"2026-02-27T13:47:41","modified_gmt":"2026-02-27T10:47:41","slug":"helixs-kupe","status":"publish","type":"product","link":"https:\/\/www.erendurmus.com\/?product=helixs-kupe","title":{"rendered":"Helixs K\u00fcpe"},"content":{"rendered":"<p>Eren Durmu\u015f Kuyumculuk K\u00fcpe<\/p>\n<p>\u0130sim : Helixs K\u00fcpe<\/p>\n<p>G\u00f6rsel: 14 Ayar Sar\u0131 Alt\u0131n 2.99 Grm<\/p>\n<p>Ta\u015f : Zirkon<\/p>\n<p>&nbsp;<\/p>\n","protected":false},"excerpt":{"rendered":"<p>Helixs K\u00fcpe<\/p>\n<p>14 Ayar Sar\u0131 Alt\u0131n 2.99 Grm<\/p>\n<p>&nbsp;<\/p>\n","protected":false},"featured_media":10650,"comment_status":"open","ping_status":"closed","template":"","meta":[],"product_brand":[],"product_cat":[71],"product_tag":[],"class_list":{"0":"post-10649","1":"product","2":"type-product","3":"status-publish","4":"has-post-thumbnail","6":"product_cat-kupeler","8":"first","9":"instock","10":"sale","11":"taxable","12":"shipping-taxable","13":"purchasable","14":"product-type-simple"},"_links":{"self":[{"href":"https:\/\/www.erendurmus.com\/index.php?rest_route=\/wp\/v2\/product\/10649","targetHints":{"allow":["GET"]}}],"collection":[{"href":"https:\/\/www.erendurmus.com\/index.php?rest_route=\/wp\/v2\/product"}],"about":[{"href":"https:\/\/www.erendurmus.com\/index.php?rest_route=\/wp\/v2\/types\/product"}],"replies":[{"embeddable":true,"href":"https:\/\/www.erendurmus.com\/index.php?rest_route=%2Fwp%2Fv2%2Fcomments&post=10649"}],"version-history":[{"count":2,"href":"https:\/\/www.erendurmus.com\/index.php?rest_route=\/wp\/v2\/product\/10649\/revisions"}],"predecessor-version":[{"id":10664,"href":"https:\/\/www.erendurmus.com\/index.php?rest_route=\/wp\/v2\/product\/10649\/revisions\/10664"}],"wp:featuredmedia":[{"embeddable":true,"href":"https:\/\/www.erendurmus.com\/index.php?rest_route=\/wp\/v2\/media\/10650"}],"wp:attachment":[{"href":"https:\/\/www.erendurmus.com\/index.php?rest_route=%2Fwp%2Fv2%2Fmedia&parent=10649"}],"wp:term":[{"taxonomy":"product_brand","embeddable":true,"href":"https:\/\/www.erendurmus.com\/index.php?rest_route=%2Fwp%2Fv2%2Fproduct_brand&post=10649"},{"taxonomy":"product_cat","embeddable":true,"href":"https:\/\/www.erendurmus.com\/index.php?rest_route=%2Fwp%2Fv2%2Fproduct_cat&post=10649"},{"taxonomy":"product_tag","embeddable":true,"href":"https:\/\/www.erendurmus.com\/index.php?rest_route=%2Fwp%2Fv2%2Fproduct_tag&post=10649"}],"curies":[{"name":"wp","href":"https:\/\/api.w.org\/{rel}","templated":true}]}}