{"id":10256,"date":"2025-07-29T11:46:29","date_gmt":"2025-07-29T11:46:29","guid":{"rendered":"https:\/\/www.erendurmus.com\/?post_type=product&#038;p=10256"},"modified":"2026-02-27T14:39:13","modified_gmt":"2026-02-27T11:39:13","slug":"yuvarlak-zincir","status":"publish","type":"product","link":"https:\/\/www.erendurmus.com\/?product=yuvarlak-zincir","title":{"rendered":"Yuvarlak Zincir"},"content":{"rendered":"<p>Eren Durmu\u015f Kuyumculuk Zincir<\/p>\n<p>\u0130sim : Yuvarlak Zincir<\/p>\n<p>G\u00f6rsel : 14 Ayar Sar\u0131 Alt\u0131n 5,10 Grm<\/p>\n<p>Zincir Uzunlu\u011fu : 50 Cm<\/p>\n","protected":false},"excerpt":{"rendered":"<p>Yuvarlak Zincir<\/p>\n<p>5,10 Grm 14 Ayar Sar\u0131 Alt\u0131n<\/p>\n","protected":false},"featured_media":10257,"comment_status":"open","ping_status":"closed","template":"","meta":[],"product_brand":[],"product_cat":[70],"product_tag":[],"class_list":{"0":"post-10256","1":"product","2":"type-product","3":"status-publish","4":"has-post-thumbnail","6":"product_cat-kolyeler","8":"first","9":"instock","10":"sale","11":"taxable","12":"shipping-taxable","13":"purchasable","14":"product-type-simple"},"_links":{"self":[{"href":"https:\/\/www.erendurmus.com\/index.php?rest_route=\/wp\/v2\/product\/10256","targetHints":{"allow":["GET"]}}],"collection":[{"href":"https:\/\/www.erendurmus.com\/index.php?rest_route=\/wp\/v2\/product"}],"about":[{"href":"https:\/\/www.erendurmus.com\/index.php?rest_route=\/wp\/v2\/types\/product"}],"replies":[{"embeddable":true,"href":"https:\/\/www.erendurmus.com\/index.php?rest_route=%2Fwp%2Fv2%2Fcomments&post=10256"}],"version-history":[{"count":1,"href":"https:\/\/www.erendurmus.com\/index.php?rest_route=\/wp\/v2\/product\/10256\/revisions"}],"predecessor-version":[{"id":10260,"href":"https:\/\/www.erendurmus.com\/index.php?rest_route=\/wp\/v2\/product\/10256\/revisions\/10260"}],"wp:featuredmedia":[{"embeddable":true,"href":"https:\/\/www.erendurmus.com\/index.php?rest_route=\/wp\/v2\/media\/10257"}],"wp:attachment":[{"href":"https:\/\/www.erendurmus.com\/index.php?rest_route=%2Fwp%2Fv2%2Fmedia&parent=10256"}],"wp:term":[{"taxonomy":"product_brand","embeddable":true,"href":"https:\/\/www.erendurmus.com\/index.php?rest_route=%2Fwp%2Fv2%2Fproduct_brand&post=10256"},{"taxonomy":"product_cat","embeddable":true,"href":"https:\/\/www.erendurmus.com\/index.php?rest_route=%2Fwp%2Fv2%2Fproduct_cat&post=10256"},{"taxonomy":"product_tag","embeddable":true,"href":"https:\/\/www.erendurmus.com\/index.php?rest_route=%2Fwp%2Fv2%2Fproduct_tag&post=10256"}],"curies":[{"name":"wp","href":"https:\/\/api.w.org\/{rel}","templated":true}]}}